2*g - 2*y. Let p = -3 - g. Calculate n(p).
6
Let c(i) = 4*i - 1. Let u(r) = r - 1. Let y be u(0). Let g(n) = n**2 + 5*n - 8. Let o be g(-6). Let k = y - o. Give c(k).
3
Let s(d) = -d - 1. Let c(v) = v**2 + 5*v - 4. Suppose -m + 8 = -2*m - 3*q, -4*m - 2*q = 22. Let x be c(m). Calculate s(x).
3
Let u(y) = y**2 + 5*y + 1. Let l = -6 + 9. Suppose 1 = -2*b - l. What is u(b)?
-5
Suppose -n + 14 = 4*f, -5*n = -3*n - f - 1. Let s(h) = -h**2 + h + 1. Let j(w) = 4*w**2 - w - 2. Let y(k) = -j(k) - 3*s(k). Give y(n).
-9
Let q(n) = -n - 1. Let y(i) = 2*i**2 - 3*i + 1. Let s be y(2). Give q(s).
-4
Suppose 5*u = 3 + 7. Let b(l) = -3*l**3 - l - 6*l**2 + 4 - 9 + u*l**3. Calculate b(-6).
1
Let x(m) = -7*m + 1. Let o = -89 + 91. Determine x(o).
-13
Let w(o) = o - 4*o + 2*o - 63 + 69. Let g(v) = -v**3 - 4*v**2 + 5*v + 5. Let z be g(-5). Calculate w(z).
1
Let n(s) be the second derivative of s**5/10 + s**4/6 - s**3/3 - s**2/2 - 10*s. Suppose -5*l + 5 = 5*j, 3*j - 7*j = 3*l - 1. Calculate n(j).
-5
Let b(j) = j - 6. Let w(n) = n - 6. Suppose -4*u + 0*z + 25 = z, u - 4*z = 2. Let k(a) = u*b(a) - 5*w(a). Give k(8).
2
Let c(g) = g**3 + 2*g**2 - 3*g - 3. Let b be c(-2). Let m = b - 2. Let d(j) = 6*j - 6*j + 7*j - 1. What is d(m)?
6
Let l(h) be the second derivative of -h**5/20 - h**4/4 + 7*h**3/6 + 3*h**2 + 3*h. Suppose -x + 8 = 4*o, -5*x - 4*o = -0*o + 8. What is l(x)?
-6
Let v = 3 - 5. Let d be 5/7 - v/7. Let s(w) = 1 - 3*w**3 - w**2 + 0*w**3 + w**3. Calculate s(d).
-2
Let t(p) = p**3 - p**2 - 6. Suppose 8*k = 2*k. Suppose 0*a = -4*a + 24. Suppose k = -j + a*j. What is t(j)?
-6
Let u(m) be the first derivative of -m**4/4 + 5*m**3/3 + m**2 - 3. Give u(5).
10
Suppose 0 = -5*r - 3*w - 2, 7 = -2*w - 1. Let m be 1*(-15)/(-3) - r. Let t(s) = -1 + s**3 + 0*s**3 - m + 5*s**2. What is t(-5)?
-4
Let c(a) = 0*a**2 + 0*a**3 - 4 - a**3 + 5*a**2 - 2*a. Let u be c(4). Let m(k) = -k**3 + 4*k**2 + 3. What is m(u)?
3
Suppose 12 = -4*q, 1 = 3*j + 3*q + 7. Suppose 2 + j = -3*v. Let w(u) = -4*u**2. What is w(v)?
-4
Let j(i) = i**3 - i**2 + 1. Let z(s) = 2*s**2 + 1. Let p be z(-1). Let c(w) = -w + 2. Let t be c(p). Calculate j(t).
-1
Let h(p) = -p**2 - 7*p - 7. Suppose 5*a + 0*j + j + 29 = 0, 4*a + 4*j + 20 = 0. Calculate h(a).
-1
Suppose f = -f - 4. Let w = -1 - f. Let g(b) be the first derivative of -2*b**3 + b + 16. Determine g(w).
-5
Suppose 5*a - 6 = -2*t, -5*t = 2*a - a - 15. Suppose s + t = w - 0, 0 = -4*w - 5*s + 21. Let h(k) = k**3 - 5*k**2 + 4*k. Calculate h(w).
0
Let v(y) = y**2 - 6*y + 5. Let o be (-8)/4 + 2 + 5. Suppose 0*h = -h + 3, -5*l - o*h = -45. Calculate v(l).
5
Let u(m) = 2*m**2 + 13*m + 10. Let z(t) = -t**2 - 6*t - 4. Let a(r) = 2*u(r) + 5*z(r). Give a(-7).
-21
Suppose -6 = h - 2*m - 1, 3*h + 6 = -3*m. Let s(a) be the second derivative of a**2 + 3*a + 1/20*a**5 + 0 + 1/3*a**4 + 2/3*a**3. Calculate s(h).
-1
Let f(h) be the second derivative of -h**3/6 - h**2 + 16*h. Calculate f(-3).
1
Let r = -9 - -6. Let q(f) = f**3 + 4*f**2 + 2*f - 3. Let o be q(r). Let z(b) = -b**2 + b - 7. Calculate z(o).
-7
Let r(i) be the first derivative of i**3/3 - i**2 + i + 5. What is r(2)?
1
Suppose -72 = 4*n - 7*n. Suppose 2*k - 3*d + n = -8*d, -3*d = -4*k + 4. Let w = 7 + k. Let o(p) = -p**2 + 4*p. What is o(w)?
-5
Let y(h) be the second derivative of -1/10*h**5 + 1/3*h**3 - h - 1/2*h**2 + 0 + 1/6*h**4. Let j be ((-6)/2)/(6/(-4)). Calculate y(j).
-5
Let a(f) = 2*f + 1 - 2*f + 2 + 3*f. Give a(-7).
-18
Let x(q) = q**2 + 2*q. Let h(p) = -p**2 + 5*p + 2. Let y be h(5). Suppose y*f - 4*f = a + 2, 4*f - 3*a = -4. What is x(f)?
-1
Let o(m) = -m**3 + 6*m**2 - 6*m + 7. Let u be -10*(-4 + (-28)/(-8)). Give o(u).
2
Let w(y) = -6*y**2 + 4*y + 54*y**3 - 28*y**3 - 25*y**3. Calculate w(5).
-5
Let f(s) = s**2 - 2*s - 9. Let p be f(-2). Let j(w) = 4*w**3 - 2*w - 1. What is j(p)?
-3
Let a(f) = -199*f + 22*f**2 - 2*f**2 + 198*f. Give a(1).
19
Let k be 17/(-5) + (-6)/(-15). Let u(z) = 0*z - 5*z + z + 5 + z. Let q(t) = t - 1. Let j(i) = -9*q(i) - 2*u(i). Calculate j(k).
8
Let d(l) = 2*l + 15. Let r(f) = f + 7. Let g(p) = 3*d(p) - 7*r(p). Give g(-5).
1
Let l(v) be the second derivative of v**4/4 - v**3/6 - 4*v**2 - 6*v. Let c(w) be the first derivative of l(w). Calculate c(2).
11
Let v be 1*(-2)/(-5)*10. Let b(z) be the first derivative of 1/2*z**2 - 9*z - 1. Determine b(v).
-5
Let i be 1/(-1 + 5/4). Let j(u) = -u**3 + 4*u**2 - u + 3. Give j(i).
-1
Let k = 16 - 11. Suppose -4*o + 2 = 10. Let y(v) = 5*v + 3. Let d(b) = b + 1. Let j(f) = o*y(f) + 9*d(f). Give j(k).
-2
Let f(t) = t - 3. Let q be f(2). Let v be (q + 0)/(3/15). Let r(d) = -d**3 - 4*d**2 + 4*d - 2. Give r(v).
3
Let s(a) = -a - 5. Let m be 15/6 - 3/(-2). Let t(p) = -p - 4. Let z(q) = m*s(q) - 5*t(q). Give z(0).
0
Let f(y) = -3*y + 1. Let d(m) = m - 8. Let z be d(6). Calculate f(z).
7
Let z be -6 + -5 - (0 - -2). Let d = 11 + z. Let x(j) = 4*j + 1. What is x(d)?
-7
Let s(m) be the first derivative of -m**4/24 - m**3/6 - m**2 - 7. Let r(x) be the second derivative of s(x). What is r(5)?
-6
Let t = -5 - -8. Let w(k) = 1 + 5*k**2 - 5*k**2 + 3*k + 2*k**2 + 3 + 6*k**3 - 7*k**3. Calculate w(t).
4
Let b(g) = -g + 2. Suppose 0 = 4*f - 6*f + 16. What is b(f)?
-6
Let i(c) = c**3 + 5*c**2 - 5*c + 9. Let w be i(-6). Suppose -w*x = 1 - 10. Let f(a) = a**3 - 4*a**2 + a + 1. Determine f(x).
-5
Let m be (5 - 1 - 4)/(-2). Suppose 2*n + 2 = -m*n. Let r(u) be the third derivative of u**5/15 - u**4/12 - u**3/6 - u**2. Give r(n).
5
Let j(o) be the first derivative of -o**4/4 - 2*o**3 - o**2/2 + 5*o + 11. Let u be 140/(-25) - (-2)/(-5). Determine j(u).
11
Let u(l) = -l + 3. Suppose 2 = 2*t - 4*j, 16 - 5 = -5*t + 2*j. Give u(t).
6
Let v(u) be the first derivative of -u**4/4 - 5*u**3/3 - u**2 - 3*u - 28. Give v(-2).
-11
Let o(j) = j**2 - 2*j - 5. Suppose -2*k + 6*k = 20. What is o(k)?
10
Let a = -3 + 7. Let l(b) = -a*b + 2*b + b + 0*b. What is l(-5)?
5
Let t be (0 + 0)/((-1)/1). Suppose 2 = 4*i - 10. Let v(c) = 1 + 0*c**3 + 0*c**2 - c**2 + c**i. Calculate v(t).
1
Let i(b) = 8*b - 4. Let c be i(1). Let h(a) = -a**2 + 4*a - 4. Calculate h(c).
-4
Let r(o) be the second derivative of o**4/12 + o**3/2 + o**2 - o. Determine r(-3).
2
Let z(a) = -a**2 + 5*a + 3. Let i be z(4). Let c(v) = -v**3 + 7*v**2 - 3*v. Determine c(i).
-21
Let d(h) = 6*h**2 - 16*h + 22. Let v(g) = -2*g**2 + 5*g - 7. Let k(w) = -6*d(w) - 20*v(w). Let z(r) = -r**2 - r - 1. Let t(b) = -k(b) - 3*z(b). Give t(4).
7
Let h be 6/(-4)*(-4)/2. Suppose x - 3 = 2*l - 6*l, h*l - 3 = -x. Let p(m) = -m - 14. Let q(b) = 2. Let a(z) = 2*p(z) + 14*q(z). Calculate a(x).
-6
Let f(s) = s**2 + s + 6. Let c(u) = u**2 + 4*u - 8. Let t be c(-6). Let w = -5 + 1. Let r = t + w. Give f(r).
6
Let b(o) = -o**2 + o + 1. Let z(s) = -s**2 + 5*s - 3. Let x(h) = h + 8. Let a be x(-5). Let m(k) = k. Let y be m(a). Let c be z(y). Give b(c).
-5
Let w(f) = 0 + 9 + f - 14 + 10. Calculate w(6).
11
Let x(k) = -k**3 + k**2 + 4*k - 3. Suppose 2*c + 9*t - 4*t - 16 = 0, -5*t = -2*c - 4. Give x(c).
-9
Let t(f) = f**3 - 4*f**2 + 4. Let v = -10 + 19. Let m be (12/10)/(v/30). Give t(m).
4
Let w(u) = -u + 6. Let i be w(9). Let q(l) = l**2 - l - 3. Give q(i).
9
Suppose 11*g = 16*g + 20, 0 = 5*z + g + 34. Let q(s) = 4*s. What is q(z)?
-24
Let j(b) be the first derivative of 2 - 4*b - 1/2*b**2. Give j(-3).
-1
Let l(s) = 1 + 2*s - 2*s + s. Determine l(-6).
-5
Let m(u) be the first derivative of -u**3/3 + 4*u**2 + 3*u + 19. Determine m(8).
3
Let j(n) = 3*n**3 - 2*n + 3*n + 1 - n**3. Let p = -10 - -6. Let g be ((-12)/p)/3*-1. Determine j(g).
-2
Let d = -96 + 105. Let m(p) = -p**3 + 10*p**2 - 9*p - 4. Calculate m(d).
-4
Let d(u) be the first derivative of u**2/2 - u + 1. Let c be (0 + -1)*(5 - 4). Let a(m) = -2*m + 5. Let i(g) = c*a(g) - 3*d(g). Give i(-2).
0
Let n(u) = -u + 1. Suppose -13*j + 15*j = 4. What is n(j)?
-1
Let d(q) = q**2 + 6*q - 6. Suppose -4*w - 12 = -6*w. Let j = 8 - w. Suppose 2*n + j*u = -4, 0 = 4*n + u - 2*u + 28. Give d(n).
-6
Let f(u) = -9*u**2 - 2*u - 1. Let q(m) = 3*m**3 + m**2 + m - 1. Let s be q(1). Suppose s = -3*l + 1. Calculate f(l).
-8
Let s(x) = 6*x**2 + 88*x + x**3 - 92*x - 3 + 9. Determine s(-7).
-15
Let n(c) = 0 + 2*c**2 + 6 + 27*c - 19*c. Let g(a) = -a**2 + 13*a - 5. Let k be g(13). Determine n(k).
16
Let r(a) = -7*a**3 + a**2 +